07
What are the prime factors of 690282?
2, 3, 4261
What are the prime factors of 1282014?
2, 3, 23741
List the prime factors of 3921992.
2, 490249
What are the prime factors of 2935309?
13, 43, 59, 89
List the prime factors of 6721095.
3, 5, 448073
List the prime factors of 127778.
2, 7, 9127
What are the prime factors of 201658?
2, 100829
List the prime factors of 1091378.
2, 599, 911
What are the prime factors of 176971?
37, 4783
List the prime factors of 1068796.
2, 267199
List the prime factors of 385721.
7, 55103
List the prime factors of 24238628.
2, 73, 83009
What are the prime factors of 868833?
3, 7, 4597
List the prime factors of 1154868.
2, 3, 11, 13, 673
List the prime factors of 227983.
7, 32569
What are the prime factors of 763278?
2, 3, 23, 5531
What are the prime factors of 5135751?
3, 17, 67, 167
What are the prime factors of 33360?
2, 3, 5, 139
List the prime factors of 85089.
3, 113, 251
List the prime factors of 4156800.
2, 3, 5, 433
List the prime factors of 932819.
932819
What are the prime factors of 861823?
861823
What are the prime factors of 258543?
3, 23, 1249
What are the prime factors of 13788573?
3, 4596191
What are the prime factors of 25780437?
3, 31, 10267
What are the prime factors of 2163714?
2, 3, 7, 51517
What are the prime factors of 646015?
5, 47, 2749
List the prime factors of 1532250.
2, 3, 5, 227
What are the prime factors of 20687591?
20687591
List the prime factors of 740100.
2, 3, 5, 2467
List the prime factors of 255088.
2, 107, 149
What are the prime factors of 4180263?
3, 29, 48049
What are the prime factors of 4072496?
2, 359, 709
What are the prime factors of 11485322?
2, 2089, 2749
What are the prime factors of 963960?
2, 3, 5, 29, 277
List the prime factors of 4952824.
2, 137, 4519
List the prime factors of 172483.
137, 1259
What are the prime factors of 26864146?
2, 37, 73, 4973
What are the prime factors of 11870668?
2, 19, 23, 6791
List the prime factors of 1513832.
2, 189229
List the prime factors of 559481.
13, 43037
What are the prime factors of 2853788?
2, 7, 101921
List the prime factors of 549711.
3, 103, 593
What are the prime factors of 3296532?
2, 3, 274711
List the prime factors of 414285.
3, 5, 71, 389
What are the prime factors of 19926720?
2, 3, 5, 11, 17, 37
What are the prime factors of 920695?
5, 59, 3121
What are the prime factors of 161265?
3, 5, 13, 827
What are the prime factors of 1370504?
2, 163, 1051
What are the prime factors of 626875?
5, 17, 59
List the prime factors of 504756.
2, 3, 7, 2003
List the prime factors of 523112.
2, 23, 2843
What are the prime factors of 138477?
3, 31, 1489
What are the prime factors of 334113?
3, 13, 659
What are the prime factors of 8166017?
89, 91753
What are the prime factors of 83880?
2, 3, 5, 233
List the prime factors of 3567316.
2, 891829
What are the prime factors of 2763543?
3, 617, 1493
List the prime factors of 941695.
5, 331, 569
What are the prime factors of 1279966?
2, 639983
List the prime factors of 1294996.
2, 421, 769
What are the prime factors of 366341?
366341
List the prime factors of 3385110.
2, 3, 5, 53, 2129
What are the prime factors of 3222459?
3, 358051
List the prime factors of 473679.
3, 52631
List the prime factors of 158792.
2, 23, 863
What are the prime factors of 111387?
3, 107, 347
List the prime factors of 1855769.
1855769
List the prime factors of 131300.
2, 5, 13, 101
What are the prime factors of 1702899?
3, 11, 103, 167
List the prime factors of 1593275.
5, 101, 631
What are the prime factors of 9377809?
7, 1339687
What are the prime factors of 1930282?
2, 17, 56773
List the prime factors of 22161082.
2, 43, 257687
What are the prime factors of 4955494?
2, 2477747
What are the prime factors of 151869?
3, 23, 31, 71
What are the prime factors of 6579438?
2, 3, 839, 1307
What are the prime factors of 9108839?
409, 22271
List the prime factors of 78827.
7, 11261
List the prime factors of 684592.
2, 42787
What are the prime factors of 24614057?
13, 151, 12539
List the prime factors of 141709.
141709
What are the prime factors of 2310436?
2, 17, 61, 557
List the prime factors of 341039.
257, 1327
What are the prime factors of 5224475?
5, 53, 3943
What are the prime factors of 1204558?
2, 602279
List the prime factors of 437291.
17, 29, 887
List the prime factors of 602747.
439, 1373
What are the prime factors of 5059726?
2, 7, 361409
List the prime factors of 7162899.
3, 17, 140449
List the prime factors of 779284.
2, 11, 89, 199
What are the prime factors of 1046230?
2, 5, 104623
What are the prime factors of 1937939?
1937939
List the prime factors of 328994.
2, 271, 607
List the prime factors of 5558466.
2, 3, 926411
List the prime factors of 2385284.
2, 11, 23, 2357
List the prime factors of 3772529.
23, 164023
What are the prime factors of 4046387?
4046387
What are the prime factors of 3692?
2, 13, 71
What are the prime factors of 5111312?
2, 61, 5237
List the prime factors of 132353.
13, 10181
List the prime factors of 5041311.
3, 11, 152767
List the prime factors of 635603.
635603
List the prime factors of 4065300.
2, 3, 5, 4517
List the prime factors of 28235.
5, 5647
What are the prime factors of 875245?
5, 7, 17, 1471
What are the prime factors of 5071621?
809, 6269
What are the prime factors of 11047006?
2, 5523503
What are the prime factors of 259114?
2, 17, 7621
List the prime factors of 5615787.
3, 1871929
List the prime factors of 182450.
2, 5, 41, 89
What are the prime factors of 20750857?
20750857
What are the prime factors of 4150608?
2, 3, 7, 11, 1123
List the prime factors of 117941.
59, 1999
What are the prime factors of 15479454?
2, 3, 97, 26597
What are the prime factors of 2221574?
2, 29, 38303
What are the prime factors of 208950?
2, 3, 5, 7, 199
What are the prime factors of 101163?
3, 33721
What are the prime factors of 10556639?
41, 197, 1307
List the prime factors of 6806345.
5, 7, 13, 2137
What are the prime factors of 4135126?
2, 181, 11423
What are the prime factors of 752000?
2, 5, 47
What are the prime factors of 434375?
5, 139
What are the prime factors of 1195987?
13, 197, 467
List the prime factors of 155373.
3, 67, 773
List the prime factors of 9344664.
2, 3, 7, 18541
What are the prime factors of 2464302?
2, 3, 410717
What are the prime factors of 928091?
241, 3851
List the prime factors of 167114.
2, 83557
List the prime factors of 7264003.
7264003
List the prime factors of 336623.
7, 19, 2531
What are the prime factors of 635415?
3, 5, 11, 3851
List the prime factors of 3848169.
3, 13, 79, 1249
List the prime factors of 237774.
2, 3, 23, 1723
What are the prime factors of 2134088?
2, 11, 24251
List the prime factors of 24592189.
24592189
List the prime factors of 111090.
2, 3, 5, 7, 23
What are the prime factors of 4427719?
4427719
List the prime factors of 1290914.
2, 281, 2297
List the prime factors of 1440626.
2, 11, 5953
List the prime factors of 3394548.
2, 3, 10477
List the prime factors of 6001527.
3, 7, 17, 16811
List the prime factors of 1701548.
2, 425387
What are the prime factors of 3295560?
2, 3, 5, 29, 947
What are the prime factors of 5112791?
5112791
What are the prime factors of 3053563?
3053563
What are the prime factors of 2125670?
2, 5, 31, 6857
What are the prime factors of 1689564?
2, 3, 140797
List the prime factors of 91728.
2, 3, 7, 13
What are the prime factors of 1185585?
3, 5, 79039
List the prime factors of 1609769.
7, 53, 4339
What are the prime factors of 90684?
2, 3, 11, 229
What are the prime factors of 13608869?
479, 28411
What are the prime factors of 644194?
2, 322097
What are the prime factors of 609774?
2, 3, 11, 9239
What are the prime factors of 258228?
2, 3, 797
What are the prime factors of 38156206?
2, 11, 1734373
List the prime factors of 420866.
2, 163, 1291
List the prime factors of 1231140.
2, 3, 5, 17, 71
List the prime factors of 12156828.
2, 3, 41, 24709
What are the prime factors of 2071263?
3, 17, 2389
List the prime factors of 2156341.
11, 71, 251
What are the prime factors of 317139?
3, 61, 1733
List the prime factors of 1388282.
2, 7, 53, 1871
List the prime factors of 6362657.
7, 31, 109, 269
List the prime factors of 3599314.
2, 719, 2503
What are the prime factors of 1493158?
2, 61, 12239
List the p